{"id":2,"date":"2021-02-17T17:05:45","date_gmt":"2021-02-17T16:05:45","guid":{"rendered":"http:\/\/piconette.net\/?page_id=2"},"modified":"2024-04-03T08:27:38","modified_gmt":"2024-04-03T06:27:38","slug":"description","status":"publish","type":"page","link":"https:\/\/piconette.net\/","title":{"rendered":"Quartier de la Piconette St-Loup"},"content":{"rendered":"\n<figure class=\"wp-block-image size-medium\"><img loading=\"lazy\" decoding=\"async\" width=\"200\" height=\"300\" src=\"https:\/\/piconette.net\/wp-content\/uploads\/2021\/09\/Porte-Escholle-base-filtre-v2-1-200x300.png\" alt=\"\" class=\"wp-image-72\" srcset=\"https:\/\/piconette.net\/wp-content\/uploads\/2021\/09\/Porte-Escholle-base-filtre-v2-1-200x300.png 200w, https:\/\/piconette.net\/wp-content\/uploads\/2021\/09\/Porte-Escholle-base-filtre-v2-1-683x1024.png 683w, https:\/\/piconette.net\/wp-content\/uploads\/2021\/09\/Porte-Escholle-base-filtre-v2-1-768x1152.png 768w, https:\/\/piconette.net\/wp-content\/uploads\/2021\/09\/Porte-Escholle-base-filtre-v2-1.png 1000w\" sizes=\"auto, (max-width: 200px) 100vw, 200px\" \/><\/figure>\n\n\n\n<p class=\"has-drop-cap\">Les quartiers do V\u00ee Nameur comprennent le Quartier des Brasseurs et de la Piconette St-Loup.<\/p>\n\n\n\n<p>Mais d\u2019o\u00f9 vient ce mot Piconette?<\/p>\n\n\n\n<p>Selon l\u2019historien Gaillot, cette d\u00e9nomination r\u00e9sulterait d\u2019un puits appartenant \u00e0 un nomm\u00e9 Conette, affirmation controvers\u00e9e (Rues de Namur, Ren\u00e9 Dejollier).<\/p>\n\n\n\n<p>D\u2019autres affirment, selon la rumeur, que la rue \u00e9tait propice \u00e0 une certaine d\u00e9marche qualifi\u00e9e de piconettage, d\u2019o\u00f9 le nom piconette.<\/p>\n\n\n\n<p>Le Quartier de la Piconette St-Loup est compos\u00e9 de la Rue de l\u2019Ouvrage, de la Marcelle, de la Rue St-Loup, de la Rue Fumal et de la rue du Pr\u00e9sident jusque et y compris la Rue Ruppl\u00e9mont.<\/p>\n\n\n\n<p>Le Quartier de la Piconette St-Loup fait partie de l\u2019asbl : Comit\u00e9 namurois du Quartier de la Piconette St-Loup.<\/p>\n\n\n\n<p>Le Quartier des Brasseurs est compos\u00e9 de la Rue Saintraint , de la rue des Brasseurs, de la Rue des Foss\u00e9s Fleuris, de la Place Maurice Servais, de la Rue des Echasseurs, de la Rue du Bailli, de la Rue Fumal et de la rue du Pr\u00e9sident \u00e0 hauteur de la Rue Rupl\u00e9mont.<\/p>\n\n\n\n<p>Le quartier des Brasseurs doit son nom aux nombreuses brasseries&nbsp; qui s\u2019install\u00e8rent jadis \u00e0 la Rue des Vis , du latin vicus (bourg). Parall\u00e8lement \u00e0 ces brasseries se sont d\u00e9velopp\u00e9s des moulins hydrauliques le long de la Sambre, le moulin de la batte, le moulin de la ruelle et le moulin du bassin.<\/p>\n\n\n\n<p>Le Quartier des Brasseurs fait partie de l\u2019asbl : Comit\u00e9 namurois du Quartier des Brasseurs.<\/p>\n\n\n\n<blockquote class=\"wp-block-quote is-layout-flow wp-block-quote-is-layout-flow\">\n<p>Dans une des ruelles typiques du vieux Namur, se niche une ancienne \u00e9cole, elle est ouverte pour le plus grand bonheur des namurois qui y retrouvent ann\u00e9e apr\u00e8s ann\u00e9e, une ambiance festive et l&rsquo;occasion de se restaurer avec des sp\u00e9cialit\u00e9s locales.<\/p>\n<\/blockquote>\n\n\n\n<p> <\/p>\n","protected":false},"excerpt":{"rendered":"<p>Les quartiers do V\u00ee Nameur comprennent le Quartier des Brasseurs et de la Piconette St-Loup. Mais d\u2019o\u00f9 vient ce mot Piconette? Selon l\u2019historien Gaillot, cette d\u00e9nomination r\u00e9sulterait d\u2019un puits appartenant \u00e0 un nomm\u00e9 Conette, affirmation controvers\u00e9e (Rues de Namur, Ren\u00e9 Dejollier). D\u2019autres affirment, selon la rumeur, que la rue \u00e9tait propice \u00e0 une certaine d\u00e9marche [&hellip;]<\/p>\n","protected":false},"author":1,"featured_media":0,"parent":0,"menu_order":0,"comment_status":"closed","ping_status":"open","template":"","meta":{"footnotes":""},"class_list":["post-2","page","type-page","status-publish","hentry"],"_links":{"self":[{"href":"https:\/\/piconette.net\/index.php\/wp-json\/wp\/v2\/pages\/2","targetHints":{"allow":["GET"]}}],"collection":[{"href":"https:\/\/piconette.net\/index.php\/wp-json\/wp\/v2\/pages"}],"about":[{"href":"https:\/\/piconette.net\/index.php\/wp-json\/wp\/v2\/types\/page"}],"author":[{"embeddable":true,"href":"https:\/\/piconette.net\/index.php\/wp-json\/wp\/v2\/users\/1"}],"replies":[{"embeddable":true,"href":"https:\/\/piconette.net\/index.php\/wp-json\/wp\/v2\/comments?post=2"}],"version-history":[{"count":10,"href":"https:\/\/piconette.net\/index.php\/wp-json\/wp\/v2\/pages\/2\/revisions"}],"predecessor-version":[{"id":174,"href":"https:\/\/piconette.net\/index.php\/wp-json\/wp\/v2\/pages\/2\/revisions\/174"}],"wp:attachment":[{"href":"https:\/\/piconette.net\/index.php\/wp-json\/wp\/v2\/media?parent=2"}],"curies":[{"name":"wp","href":"https:\/\/api.w.org\/{rel}","templated":true}]}}